{"id":561,"date":"2015-05-18T15:21:44","date_gmt":"2015-05-18T13:21:44","guid":{"rendered":"http:\/\/picotee.de\/blog\/?post_type=tribe_events&#038;p=561"},"modified":"2015-05-18T15:24:40","modified_gmt":"2015-05-18T13:24:40","slug":"fruehlingsfest-hanseatische-materialverwaltung","status":"publish","type":"tribe_events","link":"http:\/\/picotee.de\/blog\/event\/fruehlingsfest-hanseatische-materialverwaltung\/","title":{"rendered":"Fr\u00fchlingsfest Hanseatische Materialverwaltung"},"content":{"rendered":"<p>Stra\u00dfenflohmarkt, s\u00fc\u00dfe &amp; herzhafte Leckereien,<br \/>\nMusik, phantasievolle B\u00fchnen, \u2026<\/p>\n<p>Am 23. &amp; 24. Mai von 10 \u2013 20 Uhr<br \/>\nFundusflohmarkt in der Halle bis 16 Uhr<\/p>\n","protected":false},"excerpt":{"rendered":"<p>Stra\u00dfenflohmarkt, s\u00fc\u00dfe &amp; herzhafte Leckereien, Musik, phantasievolle B\u00fchnen, \u2026 Am 23. &amp; 24. Mai von 10 \u2013 20 Uhr Fundusflohmarkt in der Halle bis 16 Uhr<\/p>\n","protected":false},"author":2,"featured_media":0,"comment_status":"open","ping_status":"open","template":"","meta":{"spay_email":""},"tags":[],"tribe_events_cat":[89,88],"yoast_head":"<!-- This site is optimized with the Yoast SEO plugin v16.9 - https:\/\/yoast.com\/wordpress\/plugins\/seo\/ -->\n<meta name=\"robots\" content=\"index, follow, max-snippet:-1, max-image-preview:large, max-video-preview:-1\" \/>\n<link rel=\"canonical\" href=\"http:\/\/picotee.de\/blog\/event\/fruehlingsfest-hanseatische-materialverwaltung\/\" \/>\n<meta property=\"og:locale\" content=\"de_DE\" \/>\n<meta property=\"og:type\" content=\"article\" \/>\n<meta property=\"og:title\" content=\"Fr\u00fchlingsfest Hanseatische Materialverwaltung - picotee\" \/>\n<meta property=\"og:description\" content=\"Stra\u00dfenflohmarkt, s\u00fc\u00dfe &amp; herzhafte Leckereien, Musik, phantasievolle B\u00fchnen, \u2026 Am 23. &amp; 24. Mai von 10 \u2013 20 Uhr Fundusflohmarkt in der Halle bis 16 Uhr\" \/>\n<meta property=\"og:url\" content=\"http:\/\/picotee.de\/blog\/event\/fruehlingsfest-hanseatische-materialverwaltung\/\" \/>\n<meta property=\"og:site_name\" content=\"picotee\" \/>\n<meta property=\"article:publisher\" content=\"https:\/\/www.facebook.com\/picoteeblog\" \/>\n<meta property=\"article:modified_time\" content=\"2015-05-18T13:24:40+00:00\" \/>\n<meta name=\"twitter:card\" content=\"summary\" \/>\n<script type=\"application\/ld+json\" class=\"yoast-schema-graph\">{\"@context\":\"https:\/\/schema.org\",\"@graph\":[{\"@type\":\"WebSite\",\"@id\":\"https:\/\/picotee.de\/blog\/#website\",\"url\":\"https:\/\/picotee.de\/blog\/\",\"name\":\"picotee\",\"description\":\"\",\"potentialAction\":[{\"@type\":\"SearchAction\",\"target\":{\"@type\":\"EntryPoint\",\"urlTemplate\":\"https:\/\/picotee.de\/blog\/?s={search_term_string}\"},\"query-input\":\"required name=search_term_string\"}],\"inLanguage\":\"de\"},{\"@type\":\"WebPage\",\"@id\":\"http:\/\/picotee.de\/blog\/event\/fruehlingsfest-hanseatische-materialverwaltung\/#webpage\",\"url\":\"http:\/\/picotee.de\/blog\/event\/fruehlingsfest-hanseatische-materialverwaltung\/\",\"name\":\"Fr\\u00fchlingsfest Hanseatische Materialverwaltung - picotee\",\"isPartOf\":{\"@id\":\"https:\/\/picotee.de\/blog\/#website\"},\"datePublished\":\"2015-05-18T13:21:44+00:00\",\"dateModified\":\"2015-05-18T13:24:40+00:00\",\"breadcrumb\":{\"@id\":\"http:\/\/picotee.de\/blog\/event\/fruehlingsfest-hanseatische-materialverwaltung\/#breadcrumb\"},\"inLanguage\":\"de\",\"potentialAction\":[{\"@type\":\"ReadAction\",\"target\":[\"http:\/\/picotee.de\/blog\/event\/fruehlingsfest-hanseatische-materialverwaltung\/\"]}]},{\"@type\":\"BreadcrumbList\",\"@id\":\"http:\/\/picotee.de\/blog\/event\/fruehlingsfest-hanseatische-materialverwaltung\/#breadcrumb\",\"itemListElement\":[{\"@type\":\"ListItem\",\"position\":1,\"name\":\"Home\",\"item\":\"https:\/\/picotee.de\/blog\/\"},{\"@type\":\"ListItem\",\"position\":2,\"name\":\"Veranstaltungen\",\"item\":\"http:\/\/picotee.de\/blog\/events\/\"},{\"@type\":\"ListItem\",\"position\":3,\"name\":\"Fr\\u00fchlingsfest Hanseatische Materialverwaltung\"}]}]}<\/script>\n<!-- \/ Yoast SEO plugin. -->","yoast_head_json":{"robots":{"index":"index","follow":"follow","max-snippet":"max-snippet:-1","max-image-preview":"max-image-preview:large","max-video-preview":"max-video-preview:-1"},"canonical":"http:\/\/picotee.de\/blog\/event\/fruehlingsfest-hanseatische-materialverwaltung\/","og_locale":"de_DE","og_type":"article","og_title":"Fr\u00fchlingsfest Hanseatische Materialverwaltung - picotee","og_description":"Stra\u00dfenflohmarkt, s\u00fc\u00dfe &amp; herzhafte Leckereien, Musik, phantasievolle B\u00fchnen, \u2026 Am 23. &amp; 24. Mai von 10 \u2013 20 Uhr Fundusflohmarkt in der Halle bis 16 Uhr","og_url":"http:\/\/picotee.de\/blog\/event\/fruehlingsfest-hanseatische-materialverwaltung\/","og_site_name":"picotee","article_publisher":"https:\/\/www.facebook.com\/picoteeblog","article_modified_time":"2015-05-18T13:24:40+00:00","twitter_card":"summary","schema":{"@context":"https:\/\/schema.org","@graph":[{"@type":"WebSite","@id":"https:\/\/picotee.de\/blog\/#website","url":"https:\/\/picotee.de\/blog\/","name":"picotee","description":"","potentialAction":[{"@type":"SearchAction","target":{"@type":"EntryPoint","urlTemplate":"https:\/\/picotee.de\/blog\/?s={search_term_string}"},"query-input":"required name=search_term_string"}],"inLanguage":"de"},{"@type":"WebPage","@id":"http:\/\/picotee.de\/blog\/event\/fruehlingsfest-hanseatische-materialverwaltung\/#webpage","url":"http:\/\/picotee.de\/blog\/event\/fruehlingsfest-hanseatische-materialverwaltung\/","name":"Fr\u00fchlingsfest Hanseatische Materialverwaltung - picotee","isPartOf":{"@id":"https:\/\/picotee.de\/blog\/#website"},"datePublished":"2015-05-18T13:21:44+00:00","dateModified":"2015-05-18T13:24:40+00:00","breadcrumb":{"@id":"http:\/\/picotee.de\/blog\/event\/fruehlingsfest-hanseatische-materialverwaltung\/#breadcrumb"},"inLanguage":"de","potentialAction":[{"@type":"ReadAction","target":["http:\/\/picotee.de\/blog\/event\/fruehlingsfest-hanseatische-materialverwaltung\/"]}]},{"@type":"BreadcrumbList","@id":"http:\/\/picotee.de\/blog\/event\/fruehlingsfest-hanseatische-materialverwaltung\/#breadcrumb","itemListElement":[{"@type":"ListItem","position":1,"name":"Home","item":"https:\/\/picotee.de\/blog\/"},{"@type":"ListItem","position":2,"name":"Veranstaltungen","item":"http:\/\/picotee.de\/blog\/events\/"},{"@type":"ListItem","position":3,"name":"Fr\u00fchlingsfest Hanseatische Materialverwaltung"}]}]}},"_links":{"self":[{"href":"http:\/\/picotee.de\/blog\/wp-json\/wp\/v2\/tribe_events\/561"}],"collection":[{"href":"http:\/\/picotee.de\/blog\/wp-json\/wp\/v2\/tribe_events"}],"about":[{"href":"http:\/\/picotee.de\/blog\/wp-json\/wp\/v2\/types\/tribe_events"}],"author":[{"embeddable":true,"href":"http:\/\/picotee.de\/blog\/wp-json\/wp\/v2\/users\/2"}],"replies":[{"embeddable":true,"href":"http:\/\/picotee.de\/blog\/wp-json\/wp\/v2\/comments?post=561"}],"version-history":[{"count":1,"href":"http:\/\/picotee.de\/blog\/wp-json\/wp\/v2\/tribe_events\/561\/revisions"}],"predecessor-version":[{"id":563,"href":"http:\/\/picotee.de\/blog\/wp-json\/wp\/v2\/tribe_events\/561\/revisions\/563"}],"wp:attachment":[{"href":"http:\/\/picotee.de\/blog\/wp-json\/wp\/v2\/media?parent=561"}],"wp:term":[{"taxonomy":"post_tag","embeddable":true,"href":"http:\/\/picotee.de\/blog\/wp-json\/wp\/v2\/tags?post=561"},{"taxonomy":"tribe_events_cat","embeddable":true,"href":"http:\/\/picotee.de\/blog\/wp-json\/wp\/v2\/tribe_events_cat?post=561"}],"curies":[{"name":"wp","href":"https:\/\/api.w.org\/{rel}","templated":true}]}}

Frühlingsfest Hanseatische Materialverwaltung

<p>Straßenflohmarkt, süße &amp; herzhafte Leckereien,<br />
Musik, phantasievolle Bühnen, …</p>
<p>Am 23. &amp; 24. Mai von 10 – 20 Uhr<br />
Fundusflohmarkt in der Halle bis 16 Uhr</p>

<p>Straßenflohmarkt, süße &amp; herzhafte Leckereien, Musik, phantasievolle Bühnen, … Am 23. &amp; 24. Mai von 10 – 20 Uhr Fundusflohmarkt in der Halle bis 16 Uhr</p>

<!-- This site is optimized with the Yoast SEO plugin v16.9 - https://yoast.com/wordpress/plugins/seo/ -->
<meta name="robots" content="index, follow, max-snippet:-1, max-image-preview:large, max-video-preview:-1" />
<link rel="canonical" href="http://picotee.de/blog/event/fruehlingsfest-hanseatische-materialverwaltung/" />
<meta property="og:locale" content="de_DE" />
<meta property="og:type" content="article" />
<meta property="og:title" content="Frühlingsfest Hanseatische Materialverwaltung - picotee" />
<meta property="og:description" content="Straßenflohmarkt, süße &amp; herzhafte Leckereien, Musik, phantasievolle Bühnen, … Am 23. &amp; 24. Mai von 10 – 20 Uhr Fundusflohmarkt in der Halle bis 16 Uhr" />
<meta property="og:url" content="http://picotee.de/blog/event/fruehlingsfest-hanseatische-materialverwaltung/" />
<meta property="og:site_name" content="picotee" />
<meta property="article:publisher" content="https://www.facebook.com/picoteeblog" />
<meta property="article:modified_time" content="2015-05-18T13:24:40+00:00" />
<meta name="twitter:card" content="summary" />
<script type="application/ld+json" class="yoast-schema-graph">{"@context":"https://schema.org","@graph":[{"@type":"WebSite","@id":"https://picotee.de/blog/#website","url":"https://picotee.de/blog/","name":"picotee","description":"","potentialAction":[{"@type":"SearchAction","target":{"@type":"EntryPoint","urlTemplate":"https://picotee.de/blog/?s={search_term_string}"},"query-input":"required name=search_term_string"}],"inLanguage":"de"},{"@type":"WebPage","@id":"http://picotee.de/blog/event/fruehlingsfest-hanseatische-materialverwaltung/#webpage","url":"http://picotee.de/blog/event/fruehlingsfest-hanseatische-materialverwaltung/","name":"Fr\u00fchlingsfest Hanseatische Materialverwaltung - picotee","isPartOf":{"@id":"https://picotee.de/blog/#website"},"datePublished":"2015-05-18T13:21:44+00:00","dateModified":"2015-05-18T13:24:40+00:00","breadcrumb":{"@id":"http://picotee.de/blog/event/fruehlingsfest-hanseatische-materialverwaltung/#breadcrumb"},"inLanguage":"de","potentialAction":[{"@type":"ReadAction","target":["http://picotee.de/blog/event/fruehlingsfest-hanseatische-materialverwaltung/"]}]},{"@type":"BreadcrumbList","@id":"http://picotee.de/blog/event/fruehlingsfest-hanseatische-materialverwaltung/#breadcrumb","itemListElement":[{"@type":"ListItem","position":1,"name":"Home","item":"https://picotee.de/blog/"},{"@type":"ListItem","position":2,"name":"Veranstaltungen","item":"http://picotee.de/blog/events/"},{"@type":"ListItem","position":3,"name":"Fr\u00fchlingsfest Hanseatische Materialverwaltung"}]}]}</script>
<!-- / Yoast SEO plugin. -->

Frühlingsfest Hanseatische Materialverwaltung - picotee

Straßenflohmarkt, süße &amp; herzhafte Leckereien, Musik, phantasievolle Bühnen, … Am 23. &amp; 24. Mai von 10 – 20 Uhr Fundusflohmarkt in der Halle bis 16 Uhr
